2, 41
Suppose -29*u + 38475 + 312338 = 0. List the prime factors of u.
12097
Let g = 75657 - 53550. What are the prime factors of g?
3, 7369
Suppose 9 + 11 = 5*t. Suppose 10 = -t*c + 1146. List the prime factors of c.
2, 71
Let x(p) be the second derivative of p**4/12 + p**3/6 - 11*p**2 + 72*p. What are the prime factors of x(24)?
2, 17
Let k(g) = -g + 18. Let h be k(9). Let t be ((-10)/h)/5 - 1450/(-45). Suppose -10*f = -9*f - t. What are the prime factors of f?
2
Let k = 821 + -139. Let o = k - 465. List the prime factors of o.
7, 31
Let v = -10 + 43. Suppose -2*p - 20 = -5*m, -6*m + 5*p = -4*m - 8. What are the prime factors of v + (-3)/((-3)/m)?
37
Suppose 4 = 4*i + l - 1, -3*l = i - 15. Suppose i = n + 29 + 7. Let h = 43 + n. What are the prime factors of h?
7
Let j = -1743 - -2654. Suppose 0 = -z + 4*q + j, -3*z + 2768 = -0*z - 5*q. List the prime factors of z.
7, 19
Let z(o) be the third derivative of 13*o**5/60 - 19*o**4/24 + 83*o**3/6 - 3*o**2 - 2*o. List the prime factors of z(7).
587
Let x(u) = -3*u**2 - 11*u + 23. Suppose -15*j - 25 = -10*j. Let t(g) = -5*g**2 - 16*g + 34. Let l(r) = j*t(r) + 7*x(r). What are the prime factors of l(-4)?
43
Let c be (50/75)/((-4)/1422). Let r = 265 + c. What are the prime factors of r?
2, 7
Suppose -39*h - 33102 = -26*h - 22*h. What are the prime factors of h?
2, 3, 613
Let f(z) = -187*z**3 - 46*z**2 - 28*z - 203. List the prime factors of f(-7).
2, 5, 7, 13, 17
Let h(x) be the second derivative of -x**5/10 + x**4/3 - 2*x**3/3 + 3*x**2 + 3*x + 7. Let t be h(-3). What are the prime factors of (-556)/(-3) - -6*(-6)/t?
5, 37
Let u = 28 - 19. Suppose u*l - 2734 = 524. What are the prime factors of l?
2, 181
Let d be 1058*(1 - (0 + 6/4)). Let n = 887 + d. List the prime factors of n.
2, 179
Let b(f) = 1. Let u(x) = 6*x**2 + 4*x + 12. Let z(i) = -2*b(i) + u(i). Let t(v) = -v**3 + 30*v**2 - 30*v + 25. Let m be t(29). List the prime factors of z(m).
2, 3, 5
Let c(f) = 19 - 2*f + f - f - 20*f. Let b be c(-6). Suppose -11 = 2*i - b. What are the prime factors of i?
2, 5, 7
Let j(o) = 3634*o**3 - 16*o**2 + 18*o + 2. What are the prime factors of j(2)?
2, 3, 47, 103
Suppose 7*a = 3*l + 3*a - 334, 4*a + 448 = 4*l. Let c = l - -135. List the prime factors of c.
3, 83
Suppose 24*u - 4*u - 360 = 0. List the prime factors of (657/u)/(2/(-36)*-3).
3, 73
Let p(i) = 529*i + 70 - 271*i - 236*i. What are the prime factors of p(2)?
2, 3, 19
Let i(l) = 6 - 5 - 5 + 7 + 7 - 17*l. Let n = -5 + 2. List the prime factors of i(n).
61
Suppose 3*z + u - 3 = 42, -2*z + 30 = 2*u. Let h = z + -11. Suppose -2*y + 2*w = -110, 120 = h*y - 5*w - 96. List the prime factors of y.
59
Let p(k) = -k**3 + 11*k**2 - 25*k + 19. Let t be p(8). List the prime factors of ((-1266)/(-10) - t)*(-10)/(-2).
2, 17
Let o(p) = -145*p - 113. Suppose 24*q + 10 = -206. What are the prime factors of o(q)?
2, 149
Let k(n) = 15*n**2 + 83*n - 609. List the prime factors of k(7).
7, 101
Suppose 56*j + 39699 = 490611. List the prime factors of j.
2, 3, 11, 61
What are the prime factors of -2 + (3 - -12116) - (-990)/110?
2, 3, 43, 47
Let u = -85 + 346. Let s = u + -126. List the prime factors of s.
3, 5
Suppose 5*h = -s + 4*s + 62, 0 = 2*h + 2*s - 28. Suppose -7*l - 5136 = -h*l. Suppose -76 + l = 5*a. List the prime factors of a.
2, 3, 13
Let w be 15*6/18 + -1 + 0. Suppose 4*m + 16 = w. List the prime factors of m/4 + (-714)/(-56).
2, 3
Let a(t) = 755*t**2 + 29 + 233*t - 22 - 227*t. What are the prime factors of a(-1)?
2, 3, 7
Let i(s) = 14*s + 1314. Suppose 28*n - 14*n = 0. List the prime factors of i(n).
2, 3, 73
Let a be 2*(4/(-4))/(-2)*21. Let j = a + 206. List the prime factors of j.
227
Let x = 11446 - 4335. Suppose -565 = 5*m + 2*s - x, 2*m = -3*s + 2614. What are the prime factors of m?
2, 5, 131
Let l be (-149)/2*-20*3. Suppose 24*j = 19*j + l. List the prime factors of j.
2, 3, 149
Let c = 21134 - -18536. What are the prime factors of c?
2, 5, 3967
Let x(o) be the third derivative of 29*o**5/20 - o**4/6 - 2*o**3 - 52*o**2. List the prime factors of x(-2).
2, 43
Suppose 17997 = 5*a - 20888. List the prime factors of a.
7, 11, 101
Let u be (-1)/2*(-4 - 10). Let q be ((-91)/(-14))/((-2)/(-164)). Suppose 0 = -u*a - q + 1688. List the prime factors of a.
3, 5, 11
Suppose -14*d - 8665 = -38541. List the prime factors of d.
2, 11, 97
Suppose w = -17 + 19. Suppose -8*m - w*m + 3440 = 0. List the prime factors of m.
2, 43
Suppose -464*s + 8058291 = -9650707 + 4442774. List the prime factors of s.
28591
Suppose 0 = i + 6 - 36. Let l be (i + -29)*(1 - 1 - -9). Suppose l*w = 4*w + 810. What are the prime factors of w?
2, 3
What are the prime factors of (54/(-4))/(3121/(-520) - -6)?
2, 3, 5, 13
Suppose 3*l + n - 4*n = 2325, -5*n = -2*l + 1547. Let j = 25 + l. List the prime factors of j.
3, 89
Let h(p) = 156*p - 2240. Let d(i) = -17*i + 249. Let x(j) = 28*d(j) + 3*h(j). What are the prime factors of x(28)?
2, 7
Let x(k) = 8*k**2 + k - 1. Let v be x(-1). What are the prime factors of (-3616)/v*27/(-18)?
2, 113
What are the prime factors of 6714910/372 + (-4 - (-57)/18)?
2, 5, 19
Suppose -92*v + 66 = -81*v. Suppose -2*t = 43*s - 38*s - 561, -3*t = v. List the prime factors of s.
113
Suppose -2719322 = -92*l + 1044122. List the prime factors of l.
19, 2153
Let o(k) = 4*k**3 + 72*k**2 + 34*k - 10. List the prime factors of o(-14).
2, 5, 53
Let s be 3/(-2)*(-5 - -3). Let f be ((-4)/(-6))/((-8)/24). What are the prime factors of ((f - 1) + -3)*(-9)/s?
2, 3
Let l(d) = -76*d + 127. What are the prime factors of l(-24)?
1951
Let c(i) = i - 3. Let d be -4 + 10 - (-3 + -3)/(-3). Let t be c(d). Let x(r) = 91*r**2 - 2*r + 3. What are the prime factors of x(t)?
2, 23
What are the prime factors of (-5)/((-554050)/645820 - 6/(-7))?
2, 5, 659
Let z = 44233 - 19691. List the prime factors of z.
2, 7, 1753
List the prime factors of ((-2)/(-1))/((-144)/(-1357704)).
109, 173
Let r = 8942 + -4584. List the prime factors of r.
2, 2179
Suppose -14 = -2*k - k - 4*y, -2*y = -5*k + 6. Suppose l - 1792 = -5*d + 4*l, 5*l = k*d - 713. What are the prime factors of d?
359
Let t = -271 - -247. What are the prime factors of ((-54)/t)/((-8)/(-1312))?
3, 41
Let o(r) = 2*r**3 + 22*r**2 - 37*r + 302. List the prime factors of o(21).
27749
Let x(l) = l**2 + 23*l + 5. Let w be x(-23). Suppose 22 = -4*g + w*a + 121, 2*a + 90 = 4*g. List the prime factors of g.
3, 7
Let m(z) = z**2 - 50*z - 198. Let s be m(54). Suppose 3*j + 14 = 2. What are the prime factors of (j/(-6))/(s/1107)?
41
Let o = -527 + 529. Suppose t + 129 - 879 = -w, -1479 = -o*t + 5*w. List the prime factors of t.
3, 83
Let k be ((-30)/(-60))/((-1)/(-10)). Suppose -5*n + 2*n = k*p - 2653, 3*n = -2*p + 1054. What are the prime factors of p?
13, 41
Suppose -690 = -5*d + 475. Suppose -2*h = -d + 5. Suppose 0 = -5*i + 8*i - h. What are the prime factors of i?
2, 19
Let k(l) = -1146*l + 328. What are the prime factors of k(-12)?
2, 5, 11
Let t(y) = -y**3 - 72*y**2 - 144*y - 688. List the prime factors of t(-73).
3, 5051
Let x be ((-294)/(-4))/(572/72 + -8). List the prime factors of x/(-2) + ((-4)/(-8) - 0).
2, 331
Let v = -52 + -2. Let o = v + 57. Suppose -8*m + o*m = -330. List the prime factors of m.
2, 3, 11
Let r(v) = -2*v**3 - 3*v**2 - 7*v - 4. Let n be r(-4). Let s = 192 + n. What are the prime factors of s?
2, 37
Suppose -14*s + 96 = 37*s - 3*s. Let u(p) = 3*p. Let r be u(1). Suppose -b = 2*f - f - 61, -s*b = -r*f - 147. What are the prime factors of b?
2, 3, 11
Let n(s) = s + 8. Let o be n(16). Let d = o + -19. Suppose d*r - 204 = -r. What are the prime factors of r?
2, 17
Let p(t) = -t**3 - 18*t**2 - 21*t + 24. Suppose -5*i = 5*m - 525, 10*m - 6*m + 20 = 0. Let d = i - 127. What are the prime factors of p(d)?
2, 23
Suppose 127*n + 335*n - 22508520 = -180*n. What are the prime factors of n?
2, 5, 1753
Let n(g) = 489*g**2 + 26*g - 13*g + 29 + 35*g - 486*g**2. What are the prime factors of n(-19)?
2, 5
What are the prime factors of 955/(-1337) - (-43118)/7?
3, 2053
Suppose -24*m = -489 + 105. Suppose 0 = -t - 2*z + 409, 19*t - m*t = -2*z + 1211. What are the prime factors of t?
401
Let k = 45210 - 31629. What are the prime factors of k?
3, 503
Let y = 184 - 186. What are the prime factors of ((-1570)/(-20))/((-1)/y)?
157
What are the pri